(h).
4
Let h = -8 + 11. Let g(u) = -9213 + 18434 + 4*u**2 - 9218 - u**3 - 3*u. Give g(h).
3
Let o(i) be the third derivative of i**6/120 + 53*i**5/60 - 55*i**4/12 - i**3/2 + 245*i**2 + 4*i. What is o(-55)?
-3
Let j = 277 + -272. Let u(p) = -4*p**3 + 8*p**2 + 6. Let x(q) = -3*q**3 + 7*q**2 - q + 5. Let h(l) = 2*u(l) - 3*x(l). What is h(j)?
12
Let h(y) = y**3 + 10*y**2 + 19*y + 3. Let i be (-21 + 5)*(24/84 - 3/(-14)). What is h(i)?
-21
Suppose -8*q = 80 - 152. Let v(w) = 21*w**2 - w**3 + 2 - 13*w**2 + 1 + 3*w + 0*w - q*w**2. What is v(-4)?
39
Let t(g) = 2*g**3 - 4*g**2 + 26*g - 4. Let n(m) = m**3 - 3*m**2 + 15*m - 2. Let p(z) = -7*n(z) + 4*t(z). What is p(-5)?
3
Let o(v) = 379 - 291*v + 4*v**3 - 378 - 2*v**2 + 290*v. Suppose 3*z = -4*i + 10, 5 = 6*i - i. What is o(z)?
23
Let r(i) be the first derivative of -i**2/2 + 9*i - 7. Suppose 2*o + 10 - 46 = 0. Let z be -4*(-1)/o + 280/36. Calculate r(z).
1
Let s(l) = -l**2 + l - 2. Let g(a) = -9*a**2 + 5*a - 24. Let c(y) = -g(y) + 8*s(y). Determine c(5).
48
Let l(z) = -z**3 - 5*z**2 + 6*z + 5. Let f be 2/(-3)*(-147)/14. Suppose 0 = -24*k + f - 151. Give l(k).
5
Let s(q) = q + 4. Let k be 1/10 + 166091/(-410). Let n = k - -409. Calculate s(n).
8
Let z be 5 + ((7 - 4) + -2)*2. Let b(m) = m**3 - 5*m**2 - 9*m - 8. Determine b(z).
27
Let z(c) = -17*c - 10. Let b be z(-2). Let u be -5*(b/(-15) + 2) - 3. Let n(g) = -2*g - 4. Let s(w) = -w - 3. Let a(v) = -2*n(v) + 3*s(v). Give a(u).
-6
Let q(c) = c**3 - c**2 - 3*c + 3. Let o be q(0). Suppose -3*y + 0*y + o*k - 21 = 0, -2*k = 4*y + 10. Let s(m) = -m**3 - 3*m**2 + 2*m. Determine s(y).
8
Let i(l) = -4*l - 182. Let n(c) = -c - 35. Let p(k) = 3*i(k) - 16*n(k). Calculate p(10).
54
Let s(m) be the second derivative of 5/12*m**4 + 1/20*m**5 - 5/2*m**2 + 18*m + 0 + 0*m**3. Let v = 106 + -111. Give s(v).
-5
Suppose -4 = 2*w + 2*m, -6 = 7*m - 4*m. Suppose 8 = -2*b - 3*j, -3*b + w*j = 5*j + 12. Let k(p) = -3*p - 5. What is k(b)?
7
Let m(a) = 6*a**3 - a**2 - 4*a - 2. Let b(i) = -i**3 + i. Let o(s) = 5*b(s) + m(s). Let v = 559 - 240. Let n = v - 319. Calculate o(n).
-2
Let v be 2 - (27/36 - (-117)/4). Let s = 28 + v. Let r(d) = -d**2 - 2*d + s*d + d + 2*d. Calculate r(1).
0
Let d(j) = 6*j - 1. Let q be (-3)/(((-9)/54)/(-2 + 1)). Let x be (-3)/(-2)*(-12)/q. Give d(x).
5
Suppose -860 = 15*g - 770. Let z(t) = -t + 8. Calculate z(g).
14
Let s(y) = -2*y**2 - 3*y. Suppose 18*j - 20*j = -992. Let u = j - 499. Determine s(u).
-9
Let q(l) = l**3 + 4*l**2 + 5*l + 2. Let s be q(-3). Let f(y) = 39*y - 5*y**2 - 120*y + 34*y + y**2 + 46*y + 3*y**2. Give f(s).
-12
Let g(n) = -n**3 + 9*n**2 - 3*n - 45. Let q = -14056 - -14064. Determine g(q).
-5
Let l be (-3 - -1) + (-13)/(-39)*6. Let r(t) = t**3 - t + 26. Calculate r(l).
26
Let f(d) = -2*d**3 - 26*d + 188178 - 3*d**3 - 14*d**2 + 4*d**3 - 188188. Determine f(-12).
14
Let v(w) be the third derivative of w**5/60 + 11*w**4/24 - 5*w**3 + 426*w**2. Determine v(-14).
12
Let z(s) = -15*s + 84. Let j(r) = -10*r + 56. Let i(d) = 7*j(d) - 5*z(d). Let p be i(6). Let t(v) = -v**3 + 2*v**2 + 2. Determine t(p).
2
Let r = 3 - -1. Let q(z) be the third derivative of -z**4/8 + 3*z**3/2 + 255*z**2 + 5. What is q(r)?
-3
Let v(k) = k**3 + k**2 + k + 2. Suppose 0 = -0*i - 4*i + 20, 0 = 3*b + 3*i - 1320. Let q = -435 + b. What is v(q)?
2
Let l = -85 - -117. Suppose 20*f = 12*f + l. Let h(i) = -i + 7. Calculate h(f).
3
Let p(d) = d**3 - 4*d**2 - 2*d + 7. Let v = 608 + -606. Give p(v).
-5
Suppose 7*s + 31 = -18. Let q be 5 + (-4 + s - -6). Let g(y) = -y**3 - y - 50. Determine g(q).
-50
Let o(a) = a**3 + 11*a**2 - a - 198. Let x be o(0). Let b = x - -198. Let c(z) = -z**3 + 2*z**2 + 2*z - 5. Give c(b).
-5
Suppose -6*m - 4*m + 350 = 0. Suppose 0 = -r - 1 - 1, -5*r = -v + 13. Let h(t) = -t**3 - t**v + m - 34. Determine h(2).
-15
Let z be -66 + 67 - (-1 + 0/(-1) + 3). Let c(y) = 36*y + 14. What is c(z)?
-22
Let h(y) be the third derivative of -5*y**4/8 + 26*y**3/3 + 545*y**2. Determine h(3).
7
Let q = 6 - 1. Let i = -23 + 25. Let b(r) = -9*r + 7. Let n(p) = 4*p - 4. Let u(t) = i*b(t) + 5*n(t). Give u(q).
4
Suppose -n + 3*i = -18, -38*n + 41*n - 2*i - 12 = 0. Let g(x) be the first derivative of -1/3*x**3 + n*x**2 + x - 3. What is g(-3)?
-8
Let a = -16 + 12. Let j(q) be the third derivative of -q**4/24 - q**3/2 + 34*q**2 + 10. What is j(a)?
1
Let d(y) = 3*y**2 - 3*y + 4. Let l be (0*-3*5/30)/2. Let x be d(l). Let m(c) = 9*c - 33. What is m(x)?
3
Let h(x) be the second derivative of 1/6*x**4 - 3 - 63*x - 1/2*x**2 + x**3. Calculate h(-3).
-1
Let l(g) = -g**3 - 6*g**2 + 6*g - 6. Let b = -404 - -325. Let f = 72 + b. Determine l(f).
1
Let r(b) be the third derivative of -b**7/2520 - b**6/360 + b**4/8 + 31*b**3/6 + 26*b**2 + b. Let l(v) be the second derivative of r(v). Determine l(-2).
0
Suppose 2*t + 2*t = -36. Let i(g) = 3*g**3 + 2*g**2 + g + 1. Let k(m) = -14*m**3 - 2*m**2 - 14*m - 11. Let l(d) = -5*i(d) - k(d). Give l(t).
6
Let t(c) = -c**3 - 5*c**2 - 2*c + 1. Let w = 1721 + -1724. What is t(w)?
-11
Let g(b) be the first derivative of b - 1/4*b**4 - 8/3*b**3 - 114 - 1/2*b**2. Calculate g(-7).
-41
Let c(h) = -3*h - 19. Suppose -5*b = 40 + 5. Let u be c(b). Let l(d) = -397*d - d**2 + 6 - 386*d + 789*d. Give l(u).
-10
Suppose 0 = -128*p + 97*p + 62. Let r(q) = q. Let x(l) = -15*l + 2. Let f(u) = -3*r(u) + x(u). Calculate f(p).
-34
Let a(f) be the first derivative of -4*f**3 + 1278. Let y(z) = z. Let x be y(6). Let t be x/4*4/(-6). Give a(t).
-12
Let s be 6 + -7 + (-24)/24. Let d(q) = -q - 6. What is d(s)?
-4
Let z(f) = -19*f + 3*f**2 - 13949730 - f**2 + 13949728. What is z(3)?
-41
Let o(v) = 2*v**2 - 3*v**3 + 1 - v - v + 7*v**3. Let z(r) = r**3 + 21*r**2 + 22*r - 23. Let f be z(-20). Let a be (-77)/f - (-6)/(-27). Determine o(a).
5
Let o(k) be the second derivative of -k**5/120 - k**4/8 - 25*k**3/6 + 3*k - 8. Let l(s) be the second derivative of o(s). Determine l(0).
-3
Let h(j) = -4*j - 151. Let q be h(-41). Let m(z) = z**2 - 17*z + 54. Give m(q).
2
Let m(v) = -2*v**3 - 12*v**2 + 18*v + 28. Suppose -2*i - 14 = -2*o - 28, o = 3*i - 7. Determine m(o).
0
Let y be -14 + 0/2 + -7*4/28. Let h(p) = -5*p - 10. Calculate h(y).
65
Let i(z) = -2*z**2 - z**2 + 4*z - 244 - z**3 + 245. Suppose -t - 1 = -5*d - 13, -4*d + 3 = t. Let s = t - 10. Calculate i(s).
-11
Let n(r) = 4*r**2 - 14*r + 30. Let s(c) = -3*c**2 + 12*c - 29. Let a(h) = h**3 - 12*h**2 - 39*h - 86. Let d be a(15). Let m(j) = d*n(j) + 5*s(j). What is m(-7)?
-4
Let t(m) = -m**2 + 11. Let k(h) = 4*h**2 + 34. Let c(f) = -2*k(f) + 6*t(f). Calculate c(-2).
-58
Let x(f) = 64*f - 24*f + 2*f**2 - 23*f - 11 + 22 - 31*f. What is x(4)?
-13
Let k be 0 - 11*(48/(-3) - -1). Let g = -161 + k. Let f(b) = -b**2 + 3*b + 2. Determine f(g).
-2
Let l = -19 + 35. Let i be 5*(-4)/(-15)*24/l. Let z(s) = 5 + s**2 + 12*s**i + 2*s**2 + 10*s + s**3 - 4*s**2. Give z(-10).
5
Let z(y) = 8*y - 30. Suppose 8*i + 14 + 19 = -15. Calculate z(i).
-78
Let r(n) = 17*n - 2*n + 37 - 9*n - 13*n + 10. Determine r(3).
26
Suppose 0 = b + 106 - 105. Let u be (-7 + -5)*(b - 18/8). Let d = u - 42. Let s(h) = h**3 + 3*h**2 + 2*h + 2. Calculate s(d).
-4
Suppose 102*m - 103*m = 4*j + 24, 5*j = 3*m - 13. Let h(u) = -645 - 6*u + 4*u + 633. Give h(j).
-2
Suppose 3*a + 8 = -2*n, 4*a = -3*n + 17 - 27. Suppose -4*x + x = -12. Let k be (-4)/a - 1 - x. Let h(y) = y**2 + 6*y - 4. Determine h(k).
-12
Suppose -357*w + 616 = -445*w. Let t(l) = 2*l + 21. Calculate t(w).
7
Let u(d) = 1 - 5 - 1 - 2*d + 10*d. Let b be u(1). Let a(h) = 20 - h**3 + 3*h - 11 - 9 + 3*h**2. What is a(b)?
9
Suppose 0 = -1640*n + 1613*n - 162. Let j(u) = u**3 + 5*u**2 - 7*u - 12. What is j(n)?
-6
Let t(s) be the third derivative of -s**6/120 - s**5/6 + 13*s**4/24 - 3*s**3/2 - 2*s**2 - 157. What is t(-11)?
-31
Let o(k) = k**3 - 11*k**2 + 3*k - 12. Let b be o(11). Let r(w) = w**3 - 22*w**2 + 23*w - 41. Let t be r(b). Let g(y) = -1 + 0*y + 4*y + 4*y. Calculate g(t).
7
Let d(k) = 4*k + 20 - 13*k + 4*k + 10*k. Let w be d(-4). Let i(s) be the second derivative of -s**4/12 - 7*s**2/2 + 3*s + 2. Determine i(w).
-7
Suppose 5*g + 2*v - 6*v + 1022 = 0, 0 = 2*g + 5*v + 422. Let a = g - -202. Let w(j) = -j**3 - 4*j**2 + 3*j - 2. Give w(a).
-14
Let h(r) be the first derivative of -29*r**2/2 - 1073*r + 1480. Calculate h(-3